{"id":2096,"date":"2021-09-09T12:55:14","date_gmt":"2021-09-09T15:55:14","guid":{"rendered":"https:\/\/asped.org.br\/?page_id=2096"},"modified":"2021-09-09T13:00:13","modified_gmt":"2021-09-09T16:00:13","slug":"laenupe","status":"publish","type":"page","link":"https:\/\/asped.org.br\/?page_id=2096","title":{"rendered":"LAENUPE"},"content":{"rendered":"\t\t<div data-elementor-type=\"wp-page\" data-elementor-id=\"2096\" class=\"elementor elementor-2096\" data-elementor-post-type=\"page\">\n\t\t\t\t\t\t\t\t\t<section class=\"elementor-section elementor-top-section elementor-element elementor-element-7c45 elementor-section-boxed elementor-section-height-default elementor-section-height-default\" data-id=\"7c45\" data-element_type=\"section\" data-settings=\"{&quot;background_background&quot;:&quot;classic&quot;,&quot;_ha_eqh_enable&quot;:false}\">\n\t\t\t\t\t\t<div class=\"elementor-container elementor-column-gap-default\">\n\t\t\t\t\t<div class=\"elementor-column elementor-col-100 elementor-top-column elementor-element elementor-element-e0\" data-id=\"e0\" data-element_type=\"column\">\n\t\t\t<div class=\"elementor-widget-wrap elementor-element-populated\">\n\t\t\t\t\t\t\t\t<div class=\"elementor-element elementor-element-46bb elementor-widget elementor-widget-bdt-breadcrumbs\" data-id=\"46bb\" data-element_type=\"widget\" data-widget_type=\"bdt-breadcrumbs.default\">\n\t\t\t\t<div class=\"elementor-widget-container\">\n\t\t\t<div class='bdt-breadcrumbs-wrapper'><ul class=\"bdt-breadcrumb breadcrumb-align-left  \"><li><a href=\"https:\/\/asped.org.br\/\">ASPED<\/a><\/li>\n<li><span>P\u00e1gina<\/span><\/li>\n<\/ul><\/div>\t\t<\/div>\n\t\t\t\t<\/div>\n\t\t\t\t\t<\/div>\n\t\t<\/div>\n\t\t\t\t\t\t\t<\/div>\n\t\t<\/section>\n\t\t\t\t<section class=\"elementor-section elementor-top-section elementor-element elementor-element-2ea1 elementor-section-boxed elementor-section-height-default elementor-section-height-default\" data-id=\"2ea1\" data-element_type=\"section\" data-settings=\"{&quot;_ha_eqh_enable&quot;:false}\">\n\t\t\t\t\t\t<div class=\"elementor-container elementor-column-gap-default\">\n\t\t\t\t\t<div class=\"elementor-column elementor-col-100 elementor-top-column elementor-element elementor-element-2d93\" data-id=\"2d93\" data-element_type=\"column\">\n\t\t\t<div class=\"elementor-widget-wrap elementor-element-populated\">\n\t\t\t\t\t\t\t\t<section class=\"elementor-section elementor-inner-section elementor-element elementor-element-3a4b elementor-section-boxed elementor-section-height-default elementor-section-height-default\" data-id=\"3a4b\" data-element_type=\"section\" data-settings=\"{&quot;_ha_eqh_enable&quot;:false}\">\n\t\t\t\t\t\t<div class=\"elementor-container elementor-column-gap-default\">\n\t\t\t\t\t<div class=\"elementor-column elementor-col-50 elementor-inner-column elementor-element elementor-element-1c62\" data-id=\"1c62\" data-element_type=\"column\">\n\t\t\t<div class=\"elementor-widget-wrap elementor-element-populated\">\n\t\t\t\t\t\t\t\t<div class=\"elementor-element elementor-element-3a8d elementor-widget elementor-widget-heading\" data-id=\"3a8d\" data-element_type=\"widget\" data-widget_type=\"heading.default\">\n\t\t\t\t<div class=\"elementor-widget-container\">\n\t\t\t<h2 class=\"elementor-heading-title elementor-size-default\">LAENUPE<\/h2>\t\t<\/div>\n\t\t\t\t<\/div>\n\t\t\t\t<div class=\"elementor-element elementor-element-247e elementor-widget elementor-widget-image\" data-id=\"247e\" data-element_type=\"widget\" data-widget_type=\"image.default\">\n\t\t\t\t<div class=\"elementor-widget-container\">\n\t\t\t\t\t\t\t\t\t\t\t\t\t\t\t<img loading=\"lazy\" decoding=\"async\" width=\"151\" height=\"15\" src=\"https:\/\/asped.org.br\/wp-content\/uploads\/2021\/08\/title-shape-2.png\" class=\"attachment-large size-large wp-image-617\" alt=\"\" \/>\t\t\t\t\t\t\t\t\t\t\t\t\t\t\t<\/div>\n\t\t\t\t<\/div>\n\t\t\t\t<div class=\"elementor-element elementor-element-15c2 elementor-widget elementor-widget-text-editor\" data-id=\"15c2\" data-element_type=\"widget\" data-widget_type=\"text-editor.default\">\n\t\t\t\t<div class=\"elementor-widget-container\">\n\t\t\t\t\t\t\t<p>A Liga Acad\u00eamica de Endocrinologia da Universidade de Pernambuco \u2013 LAENUPE, fundada em 1\u00ba de Setembro de 2009, \u00e9 uma entidade de car\u00e1ter acad\u00eamico, cient\u00edfico e social, sem fins lucrativos, com dura\u00e7\u00e3o ilimitada e vinculada \u00e0 Unidade de Endocrinologia e Diabetes do Hospital Agamenon Magalh\u00e3es\/Centro de Osteoporose de Pernambuco, bem como ao Diret\u00f3rio Acad\u00eamico de Medicina Josu\u00e9 de Castro da Faculdade de Ci\u00eancias M\u00e9dicas da Universidade de Pernambuco.<\/p><p>A LAENUPE tem como objetivo oferecer um espa\u00e7o de atua\u00e7\u00e3o pr\u00f3-ativa e sistem\u00e1tica aos estudantes de Medicina do Estado de Pernambuco, com o apoio de especialistas em Endocrinologia e \u00e1reas m\u00e9dicas afins, para a execu\u00e7\u00e3o de atividades extracurriculares de Ensino, Pesquisa e Extens\u00e3o em diversos campos do conhecimento da Endocrinologia e Diabetes.<\/p><p><strong>Dessa forma, a LAENUPE espera:<\/strong><\/p><ul><li>Contribuir com a forma\u00e7\u00e3o de m\u00e9dicos com preparo t\u00e9cnico-cient\u00edfico apurado em Endocrinologia e Diabetes, independentemente da \u00e1rea de atua\u00e7\u00e3o profissional que decidam seguir;<\/li><li>Consolidar o senso de responsabilidade e compromisso social dos estudantes de Gradua\u00e7\u00e3o com a Comunidade;<\/li><li>Ampliar e aperfei\u00e7oar a produ\u00e7\u00e3o cient\u00edfica desenvolvida pelos acad\u00eamicos, associada ao fortalecimento do v\u00ednculo Gradua\u00e7\u00e3o \u2013 P\u00f3s-Gradua\u00e7\u00e3o.<\/li><\/ul>\t\t\t\t\t\t<\/div>\n\t\t\t\t<\/div>\n\t\t\t\t\t<\/div>\n\t\t<\/div>\n\t\t\t\t<div class=\"elementor-column elementor-col-50 elementor-inner-column elementor-element elementor-element-1c22\" data-id=\"1c22\" data-element_type=\"column\">\n\t\t\t<div class=\"elementor-widget-wrap elementor-element-populated\">\n\t\t\t\t\t\t\t\t<div class=\"elementor-element elementor-element-229 elementor-widget elementor-widget-text-editor\" data-id=\"229\" data-element_type=\"widget\" data-widget_type=\"text-editor.default\">\n\t\t\t\t<div class=\"elementor-widget-container\">\n\t\t\t\t\t\t\t<p><strong>Contatos<\/strong><br \/>Rua Arn\u00f3bio Marques, 310 \u2013 Santo Amaro, Recife \u2013 PE, CEP: 50100 \u2013 130 | laenupe@gmail.com<\/p>\t\t\t\t\t\t<\/div>\n\t\t\t\t<\/div>\n\t\t\t\t<div class=\"elementor-element elementor-element-90e elementor-widget elementor-widget-image\" data-id=\"90e\" data-element_type=\"widget\" data-widget_type=\"image.default\">\n\t\t\t\t<div class=\"elementor-widget-container\">\n\t\t\t\t\t\t\t\t\t\t\t\t\t\t\t<img loading=\"lazy\" decoding=\"async\" width=\"746\" height=\"740\" src=\"https:\/\/asped.org.br\/wp-content\/uploads\/2021\/09\/laenupe.jpg\" class=\"attachment-large size-large wp-image-2099\" alt=\"\" srcset=\"https:\/\/asped.org.br\/wp-content\/uploads\/2021\/09\/laenupe.jpg 746w, https:\/\/asped.org.br\/wp-content\/uploads\/2021\/09\/laenupe-300x298.jpg 300w, https:\/\/asped.org.br\/wp-content\/uploads\/2021\/09\/laenupe-150x150.jpg 150w\" sizes=\"auto, (max-width: 746px) 100vw, 746px\" \/>\t\t\t\t\t\t\t\t\t\t\t\t\t\t\t<\/div>\n\t\t\t\t<\/div>\n\t\t\t\t\t<\/div>\n\t\t<\/div>\n\t\t\t\t\t\t\t<\/div>\n\t\t<\/section>\n\t\t\t\t\t<\/div>\n\t\t<\/div>\n\t\t\t\t\t\t\t<\/div>\n\t\t<\/section>\n\t\t\t\t\t\t\t<\/div>\n\t\t","protected":false},"excerpt":{"rendered":"<p>ASPED P\u00e1gina LAENUPE A Liga Acad\u00eamica de Endocrinologia da Universidade de Pernambuco \u2013 LAENUPE, fundada em 1\u00ba de Setembro de 2009, \u00e9 uma entidade de car\u00e1ter acad\u00eamico, cient\u00edfico e social, sem fins lucrativos, com dura\u00e7\u00e3o ilimitada e vinculada \u00e0 Unidade de Endocrinologia e Diabetes do Hospital Agamenon Magalh\u00e3es\/Centro de Osteoporose de Pernambuco, bem como ao &hellip;<\/p>\n<p class=\"read-more\"> <a class=\"\" href=\"https:\/\/asped.org.br\/?page_id=2096\"> <span class=\"screen-reader-text\">LAENUPE<\/span> Leia mais &raquo;<\/a><\/p>\n","protected":false},"author":1,"featured_media":0,"parent":0,"menu_order":0,"comment_status":"closed","ping_status":"closed","template":"","meta":{"footnotes":""},"class_list":["post-2096","page","type-page","status-publish","hentry"],"_links":{"self":[{"href":"https:\/\/asped.org.br\/index.php?rest_route=\/wp\/v2\/pages\/2096","targetHints":{"allow":["GET"]}}],"collection":[{"href":"https:\/\/asped.org.br\/index.php?rest_route=\/wp\/v2\/pages"}],"about":[{"href":"https:\/\/asped.org.br\/index.php?rest_route=\/wp\/v2\/types\/page"}],"author":[{"embeddable":true,"href":"https:\/\/asped.org.br\/index.php?rest_route=\/wp\/v2\/users\/1"}],"replies":[{"embeddable":true,"href":"https:\/\/asped.org.br\/index.php?rest_route=%2Fwp%2Fv2%2Fcomments&post=2096"}],"version-history":[{"count":7,"href":"https:\/\/asped.org.br\/index.php?rest_route=\/wp\/v2\/pages\/2096\/revisions"}],"predecessor-version":[{"id":2105,"href":"https:\/\/asped.org.br\/index.php?rest_route=\/wp\/v2\/pages\/2096\/revisions\/2105"}],"wp:attachment":[{"href":"https:\/\/asped.org.br\/index.php?rest_route=%2Fwp%2Fv2%2Fmedia&parent=2096"}],"curies":[{"name":"wp","href":"https:\/\/api.w.org\/{rel}","templated":true}]}}