{"id":2083,"date":"2021-09-09T12:48:45","date_gmt":"2021-09-09T15:48:45","guid":{"rendered":"https:\/\/asped.org.br\/?page_id=2083"},"modified":"2021-09-09T12:50:51","modified_gmt":"2021-09-09T15:50:51","slug":"ex-pos-graduandos-1990-2018","status":"publish","type":"page","link":"https:\/\/asped.org.br\/?page_id=2083","title":{"rendered":"EX P\u00d3S-GRADUANDOS (1990-2018)"},"content":{"rendered":"\t\t<div data-elementor-type=\"wp-page\" data-elementor-id=\"2083\" class=\"elementor elementor-2083\" data-elementor-post-type=\"page\">\n\t\t\t\t\t\t\t\t\t<section class=\"elementor-section elementor-top-section elementor-element elementor-element-6e21 elementor-section-boxed elementor-section-height-default elementor-section-height-default\" data-id=\"6e21\" data-element_type=\"section\" data-settings=\"{&quot;background_background&quot;:&quot;classic&quot;,&quot;_ha_eqh_enable&quot;:false}\">\n\t\t\t\t\t\t<div class=\"elementor-container elementor-column-gap-default\">\n\t\t\t\t\t<div class=\"elementor-column elementor-col-100 elementor-top-column elementor-element elementor-element-515a\" data-id=\"515a\" data-element_type=\"column\">\n\t\t\t<div class=\"elementor-widget-wrap elementor-element-populated\">\n\t\t\t\t\t\t\t\t<div class=\"elementor-element elementor-element-3f77 elementor-widget elementor-widget-bdt-breadcrumbs\" data-id=\"3f77\" data-element_type=\"widget\" data-widget_type=\"bdt-breadcrumbs.default\">\n\t\t\t\t<div class=\"elementor-widget-container\">\n\t\t\t<div class='bdt-breadcrumbs-wrapper'><ul class=\"bdt-breadcrumb breadcrumb-align-left  \"><li><a href=\"https:\/\/asped.org.br\/\">ASPED<\/a><\/li>\n<li><span>P\u00e1gina<\/span><\/li>\n<\/ul><\/div>\t\t<\/div>\n\t\t\t\t<\/div>\n\t\t\t\t\t<\/div>\n\t\t<\/div>\n\t\t\t\t\t\t\t<\/div>\n\t\t<\/section>\n\t\t\t\t<section class=\"elementor-section elementor-top-section elementor-element elementor-element-0d1fdd6 elementor-section-boxed elementor-section-height-default elementor-section-height-default\" data-id=\"0d1fdd6\" data-element_type=\"section\" data-settings=\"{&quot;_ha_eqh_enable&quot;:false}\">\n\t\t\t\t\t\t<div class=\"elementor-container elementor-column-gap-default\">\n\t\t\t\t\t<div class=\"elementor-column elementor-col-100 elementor-top-column elementor-element elementor-element-6d0c77d\" data-id=\"6d0c77d\" data-element_type=\"column\">\n\t\t\t<div class=\"elementor-widget-wrap elementor-element-populated\">\n\t\t\t\t\t\t\t\t<div class=\"elementor-element elementor-element-51dd418 elementor-widget elementor-widget-heading\" data-id=\"51dd418\" data-element_type=\"widget\" data-widget_type=\"heading.default\">\n\t\t\t\t<div class=\"elementor-widget-container\">\n\t\t\t<h2 class=\"elementor-heading-title elementor-size-default\">ENDOCRINOLOGISTAS QUE TREINARAM NA UNIDADE COMO RESIDENTES E ESPECIALIZANDOS (1990-2018)<\/h2>\t\t<\/div>\n\t\t\t\t<\/div>\n\t\t\t\t<section class=\"elementor-section elementor-inner-section elementor-element elementor-element-4769c2c elementor-section-boxed elementor-section-height-default elementor-section-height-default\" data-id=\"4769c2c\" data-element_type=\"section\" data-settings=\"{&quot;_ha_eqh_enable&quot;:false}\">\n\t\t\t\t\t\t<div class=\"elementor-container elementor-column-gap-default\">\n\t\t\t\t\t<div class=\"elementor-column elementor-col-25 elementor-inner-column elementor-element elementor-element-3e22da5\" data-id=\"3e22da5\" data-element_type=\"column\">\n\t\t\t<div class=\"elementor-widget-wrap elementor-element-populated\">\n\t\t\t\t\t\t\t\t<div class=\"elementor-element elementor-element-e7f5509 elementor-widget elementor-widget-text-editor\" data-id=\"e7f5509\" data-element_type=\"widget\" data-widget_type=\"text-editor.default\">\n\t\t\t\t<div class=\"elementor-widget-container\">\n\t\t\t\t\t\t\t<p>Renata Campos<br \/>Ruy Lyra<br \/>Andr\u00e9 Muniz<br \/>Caroline Brand\u00e3o<br \/>Jos\u00e9 Gilberto Hernandez Sosa<br \/>Fernanda Barbosa<br \/>Jo\u00e3o Carlos Gastor<br \/>Samuel Alencar<br \/>Tereza Selma Lins<br \/>Andr\u00e9ia Vasconcelos<br \/>Aureliano Couto<br \/>Mariza Bourbon<br \/>Amelia Soares<br \/>Keyla Camargo<br \/>Maria Jos\u00e9 Coutinho<br \/>Maria Elba Bandeira<br \/>Tha\u00eds Silveira<br \/>Luiz Gonzaga Azevedo<br \/>Milena Moutelik<br \/>Raquel Loureiro<br \/>Neidemar da Mata<br \/>Ana Elizabeth Torres<br \/>Kay Sales<br \/>Isis Pessoa<br \/>Ataualpa Aranha<br \/>Ana Patr\u00edcia Oliveira<br \/>Maria Fernanda Monteiro<br \/>Paula Peregrino<br \/>Daniele Holmes<br \/>Sebasti\u00e3o Oliveira Jr<br \/>Maur\u00edcio Paula Lopes<br \/>Ana Patr\u00edcia Vieira<br \/>Augusto Costa<br \/>Jane Melo<br \/>Josivan Gomes de Lima<br \/>L\u00facia Helena N\u00f3brega<br \/>Rosineide Torres<br \/>L\u00facia Helena Cordeiro<br \/>Cristiane Teodosio<br \/>Eponina Coutinho<br \/>F\u00e1bio Moura<br \/>Jos\u00e9 Ricardo Sabino<br \/>V\u00e2nia Coelho<br \/>Serciane Carvalho<br \/>Virg\u00ednia Pizarro<\/p>\t\t\t\t\t\t<\/div>\n\t\t\t\t<\/div>\n\t\t\t\t\t<\/div>\n\t\t<\/div>\n\t\t\t\t<div class=\"elementor-column elementor-col-25 elementor-inner-column elementor-element elementor-element-1d46ba7\" data-id=\"1d46ba7\" data-element_type=\"column\">\n\t\t\t<div class=\"elementor-widget-wrap elementor-element-populated\">\n\t\t\t\t\t\t\t\t<div class=\"elementor-element elementor-element-6a7cf34 elementor-widget elementor-widget-text-editor\" data-id=\"6a7cf34\" data-element_type=\"widget\" data-widget_type=\"text-editor.default\">\n\t\t\t\t<div class=\"elementor-widget-container\">\n\t\t\t\t\t\t\t<p>Pedro Gorg\u00f4nio<br \/>Jo\u00e3o Gen\u00e9sio<br \/>Divagoras Almeida<br \/>Elo\u00edse Medeiros<br \/>Maria Amazonas<br \/>Sueli Santos<br \/>Georgeanne Neves<br \/>Cristiane Modesto<br \/>Joana Freire<br \/>Ana Paula Tavares<br \/>Fernanda Amaral<br \/>Angela Lannia<br \/>Idels\u00e9 Vasconcelos<br \/>Cl\u00e1udia Sim\u00f5es<br \/>Luciana G\u00f3es<br \/>Wilka Revoredo<br \/>Paulo Diniz<br \/>Ana Karina Moura<br \/>F\u00e1bio Lima e Silva<br \/>Georgita Cortez<br \/>Ana Carolina Guimar\u00e3es<br \/>Ana Carla Montenegro<br \/>Bernardo Brito<br \/>\u00c9rico Carvalho<br \/>Jailton Nicanor<br \/>Micheline Por Deus<br \/>Catarina Henessey<br \/>Paulo Assis<br \/>Viviane Assun\u00e7\u00e3o<br \/>Virg\u00ednia Ribeiro<br \/>Walter Carvalho<br \/>Wellington Saraiva<br \/>Tha\u00eds Gelenske<br \/>Daniella Rego<br \/>Karine Santos<br \/>Sania Ferreira<br \/>Maria Tereza Vazquez<br \/>Ant\u00f4nio Fernandes Filho<br \/>Jos\u00e9 Anderson da Silva<br \/>Tarciana Carrazzoni<br \/>Clodoaldo Lyra<br \/>Ros\u00e2ngela Rodrigues<br \/>Ariadne Barros<br \/>Ana Carolina Th\u00e9<br \/>Polyanna Neves<\/p>\t\t\t\t\t\t<\/div>\n\t\t\t\t<\/div>\n\t\t\t\t\t<\/div>\n\t\t<\/div>\n\t\t\t\t<div class=\"elementor-column elementor-col-25 elementor-inner-column elementor-element elementor-element-91ffadd\" data-id=\"91ffadd\" data-element_type=\"column\">\n\t\t\t<div class=\"elementor-widget-wrap elementor-element-populated\">\n\t\t\t\t\t\t\t\t<div class=\"elementor-element elementor-element-4302c6f elementor-widget elementor-widget-text-editor\" data-id=\"4302c6f\" data-element_type=\"widget\" data-widget_type=\"text-editor.default\">\n\t\t\t\t<div class=\"elementor-widget-container\">\n\t\t\t\t\t\t\t<div class=\"kc-elm kc-css-531552 small-12 columns small-12\"><div class=\"kc-col-container\"><div class=\"kc-elm kc-css-834278 kc_text_block\"><p>Cl\u00e9lia Miranda<br \/>Cynthia Waechter<br \/>Caio Rocha<br \/>Jos\u00e9 Karlos Lima Jr.<br \/>Manuela Ferreira<br \/>Virg\u00ednia Canuto<br \/>Tatiana Pinto<br \/>Aurea Lima<br \/>Clineu Alencar<br \/>Cynthia Salgado<br \/>C\u00e1tia Eufrasino<br \/>Lilian Cordeiro<br \/>Patr\u00edcia Dreyer<br \/>Ana Karina Maia<br \/>Raissa Inojosa<br \/>Alan Teles<br \/>Daniela Castro<br \/>Renata Lima<br \/>Erik Trov\u00e3o Diniz<br \/>Rivaldo Carvalho<br \/>Juliana Canuto<br \/>Isabel Oliveira<br \/>M\u00e1rio Coutinho<br \/>Maira Viegas<br \/>Luena Dias<br \/>Renata Sim\u00f5es<br \/>Thyciara Fontenelle<br \/>Lunara Saldanha<br \/>Ana Karina Miranda<br \/>Ana Paula Neves<br \/>Fernando Gondim<br \/>Karina Santos<br \/>Lara Voss<br \/>Patricia Belfort<br \/>Stela Carvalho<br \/>Amanda Aleixo<br \/>Daniele Fontan<br \/>Denise Dantas<br \/>Leyna Leite<br \/>Marcos Almeida<br \/>Nara Crispin<br \/>Narriane Chaves<br \/>Saul Oliveira<br \/>Taciana Borges<\/p><\/div><\/div><\/div>\t\t\t\t\t\t<\/div>\n\t\t\t\t<\/div>\n\t\t\t\t\t<\/div>\n\t\t<\/div>\n\t\t\t\t<div class=\"elementor-column elementor-col-25 elementor-inner-column elementor-element elementor-element-b88cc8f\" data-id=\"b88cc8f\" data-element_type=\"column\">\n\t\t\t<div class=\"elementor-widget-wrap elementor-element-populated\">\n\t\t\t\t\t\t\t\t<div class=\"elementor-element elementor-element-2a23f59 elementor-widget elementor-widget-text-editor\" data-id=\"2a23f59\" data-element_type=\"widget\" data-widget_type=\"text-editor.default\">\n\t\t\t\t<div class=\"elementor-widget-container\">\n\t\t\t\t\t\t\t<p>Aline Correia<br \/>Bruna Costi<br \/>Clarisse Almeida<br \/>Deborah Queiroz<br \/>Helisane Lima<br \/>Juliana Maia<br \/>L\u00edvia Borges<br \/>Lourena Lima<br \/>Manoel Aderson<br \/>Maria do Socorro Azevedo<br \/>Patr\u00edcia Mesquita<br \/>Paula Arag\u00e3o<br \/>Vanessa Le\u00e3o<br \/>Alyne Loureiro<br \/>Larissa Pimentel<br \/>Sirley Portela<br \/>Vanessa Machado<br \/>Amanda Barros<br \/>Marcela Correa<br \/>Mirna S\u00e1<br \/>Rafael Rabelo<br \/>Breno Coimbra<br \/>Larissa Pontes<br \/>Ellyda Duarte<br \/>Nathalia Brito<br \/>Arianna Barreto<br \/>Kyara Ramalho<br \/>Keilly Granjeiro<br \/>Mateus Tinel<br \/>Alyne Lemos<br \/>Fernanda Victor<br \/>Denise Antunes<br \/>Viviane Ara\u00fajo<br \/>Marcela Pitaluga<br \/>Bruno Caldas<br \/>Lilian Barbosa<br \/>Aline Lopes<br \/>Ana Ma\u00edra Nobrega<br \/>Morgana Duarte<br \/>S\u00e9rgio Andrade<br \/>Renata Balestra<br \/>Ana Carolina Cardoso<br \/>Natalia Rocha<br \/>Marcela Sarmento<\/p>\t\t\t\t\t\t<\/div>\n\t\t\t\t<\/div>\n\t\t\t\t\t<\/div>\n\t\t<\/div>\n\t\t\t\t\t\t\t<\/div>\n\t\t<\/section>\n\t\t\t\t\t<\/div>\n\t\t<\/div>\n\t\t\t\t\t\t\t<\/div>\n\t\t<\/section>\n\t\t\t\t\t\t\t<\/div>\n\t\t","protected":false},"excerpt":{"rendered":"<p>ASPED P\u00e1gina ENDOCRINOLOGISTAS QUE TREINARAM NA UNIDADE COMO RESIDENTES E ESPECIALIZANDOS (1990-2018) Renata CamposRuy LyraAndr\u00e9 MunizCaroline Brand\u00e3oJos\u00e9 Gilberto Hernandez SosaFernanda BarbosaJo\u00e3o Carlos GastorSamuel AlencarTereza Selma LinsAndr\u00e9ia VasconcelosAureliano CoutoMariza BourbonAmelia SoaresKeyla CamargoMaria Jos\u00e9 CoutinhoMaria Elba BandeiraTha\u00eds SilveiraLuiz Gonzaga AzevedoMilena MoutelikRaquel LoureiroNeidemar da MataAna Elizabeth TorresKay SalesIsis PessoaAtaualpa AranhaAna Patr\u00edcia OliveiraMaria Fernanda MonteiroPaula PeregrinoDaniele HolmesSebasti\u00e3o Oliveira JrMaur\u00edcio &hellip;<\/p>\n<p class=\"read-more\"> <a class=\"\" href=\"https:\/\/asped.org.br\/?page_id=2083\"> <span class=\"screen-reader-text\">EX P\u00d3S-GRADUANDOS (1990-2018)<\/span> Leia mais &raquo;<\/a><\/p>\n","protected":false},"author":1,"featured_media":0,"parent":0,"menu_order":0,"comment_status":"closed","ping_status":"closed","template":"","meta":{"footnotes":""},"class_list":["post-2083","page","type-page","status-publish","hentry"],"_links":{"self":[{"href":"https:\/\/asped.org.br\/index.php?rest_route=\/wp\/v2\/pages\/2083","targetHints":{"allow":["GET"]}}],"collection":[{"href":"https:\/\/asped.org.br\/index.php?rest_route=\/wp\/v2\/pages"}],"about":[{"href":"https:\/\/asped.org.br\/index.php?rest_route=\/wp\/v2\/types\/page"}],"author":[{"embeddable":true,"href":"https:\/\/asped.org.br\/index.php?rest_route=\/wp\/v2\/users\/1"}],"replies":[{"embeddable":true,"href":"https:\/\/asped.org.br\/index.php?rest_route=%2Fwp%2Fv2%2Fcomments&post=2083"}],"version-history":[{"count":4,"href":"https:\/\/asped.org.br\/index.php?rest_route=\/wp\/v2\/pages\/2083\/revisions"}],"predecessor-version":[{"id":2087,"href":"https:\/\/asped.org.br\/index.php?rest_route=\/wp\/v2\/pages\/2083\/revisions\/2087"}],"wp:attachment":[{"href":"https:\/\/asped.org.br\/index.php?rest_route=%2Fwp%2Fv2%2Fmedia&parent=2083"}],"curies":[{"name":"wp","href":"https:\/\/api.w.org\/{rel}","templated":true}]}}

EX PÓS-GRADUANDOS (1990-2018)

<div data-elementor-type="wp-page" data-elementor-id="2083" class="elementor elementor-2083" data-elementor-post-type="page">
									<section class="elementor-section elementor-top-section elementor-element elementor-element-6e21 elementor-section-boxed elementor-section-height-default elementor-section-height-default" data-id="6e21" data-element_type="section" data-settings="{&quot;background_background&quot;:&quot;classic&quot;,&quot;_ha_eqh_enable&quot;:false}">
						<div class="elementor-container elementor-column-gap-default">
					<div class="elementor-column elementor-col-100 elementor-top-column elementor-element elementor-element-515a" data-id="515a" data-element_type="column">
			<div class="elementor-widget-wrap elementor-element-populated">
								<div class="elementor-element elementor-element-3f77 elementor-widget elementor-widget-bdt-breadcrumbs" data-id="3f77" data-element_type="widget" data-widget_type="bdt-breadcrumbs.default">
				<div class="elementor-widget-container">
			<div class='bdt-breadcrumbs-wrapper'><ul class="bdt-breadcrumb breadcrumb-align-left  "><li><a href="https://asped.org.br/">ASPED</a></li>
<li><span>Página</span></li>
</ul></div>		</div>
				</div>
					</div>
		</div>
							</div>
		</section>
				<section class="elementor-section elementor-top-section elementor-element elementor-element-0d1fdd6 elementor-section-boxed elementor-section-height-default elementor-section-height-default" data-id="0d1fdd6" data-element_type="section" data-settings="{&quot;_ha_eqh_enable&quot;:false}">
						<div class="elementor-container elementor-column-gap-default">
					<div class="elementor-column elementor-col-100 elementor-top-column elementor-element elementor-element-6d0c77d" data-id="6d0c77d" data-element_type="column">
			<div class="elementor-widget-wrap elementor-element-populated">
								<div class="elementor-element elementor-element-51dd418 elementor-widget elementor-widget-heading" data-id="51dd418" data-element_type="widget" data-widget_type="heading.default">
				<div class="elementor-widget-container">
			<h2 class="elementor-heading-title elementor-size-default">ENDOCRINOLOGISTAS QUE TREINARAM NA UNIDADE COMO RESIDENTES E ESPECIALIZANDOS (1990-2018)</h2>		</div>
				</div>
				<section class="elementor-section elementor-inner-section elementor-element elementor-element-4769c2c elementor-section-boxed elementor-section-height-default elementor-section-height-default" data-id="4769c2c" data-element_type="section" data-settings="{&quot;_ha_eqh_enable&quot;:false}">
						<div class="elementor-container elementor-column-gap-default">
					<div class="elementor-column elementor-col-25 elementor-inner-column elementor-element elementor-element-3e22da5" data-id="3e22da5" data-element_type="column">
			<div class="elementor-widget-wrap elementor-element-populated">
								<div class="elementor-element elementor-element-e7f5509 elementor-widget elementor-widget-text-editor" data-id="e7f5509" data-element_type="widget" data-widget_type="text-editor.default">
				<div class="elementor-widget-container">
							<p>Renata Campos<br />Ruy Lyra<br />André Muniz<br />Caroline Brandão<br />José Gilberto Hernandez Sosa<br />Fernanda Barbosa<br />João Carlos Gastor<br />Samuel Alencar<br />Tereza Selma Lins<br />Andréia Vasconcelos<br />Aureliano Couto<br />Mariza Bourbon<br />Amelia Soares<br />Keyla Camargo<br />Maria José Coutinho<br />Maria Elba Bandeira<br />Thaís Silveira<br />Luiz Gonzaga Azevedo<br />Milena Moutelik<br />Raquel Loureiro<br />Neidemar da Mata<br />Ana Elizabeth Torres<br />Kay Sales<br />Isis Pessoa<br />Ataualpa Aranha<br />Ana Patrícia Oliveira<br />Maria Fernanda Monteiro<br />Paula Peregrino<br />Daniele Holmes<br />Sebastião Oliveira Jr<br />Maurício Paula Lopes<br />Ana Patrícia Vieira<br />Augusto Costa<br />Jane Melo<br />Josivan Gomes de Lima<br />Lúcia Helena Nóbrega<br />Rosineide Torres<br />Lúcia Helena Cordeiro<br />Cristiane Teodosio<br />Eponina Coutinho<br />Fábio Moura<br />José Ricardo Sabino<br />Vânia Coelho<br />Serciane Carvalho<br />Virgínia Pizarro</p>						</div>
				</div>
					</div>
		</div>
				<div class="elementor-column elementor-col-25 elementor-inner-column elementor-element elementor-element-1d46ba7" data-id="1d46ba7" data-element_type="column">
			<div class="elementor-widget-wrap elementor-element-populated">
								<div class="elementor-element elementor-element-6a7cf34 elementor-widget elementor-widget-text-editor" data-id="6a7cf34" data-element_type="widget" data-widget_type="text-editor.default">
				<div class="elementor-widget-container">
							<p>Pedro Gorgônio<br />João Genésio<br />Divagoras Almeida<br />Eloíse Medeiros<br />Maria Amazonas<br />Sueli Santos<br />Georgeanne Neves<br />Cristiane Modesto<br />Joana Freire<br />Ana Paula Tavares<br />Fernanda Amaral<br />Angela Lannia<br />Idelsé Vasconcelos<br />Cláudia Simões<br />Luciana Góes<br />Wilka Revoredo<br />Paulo Diniz<br />Ana Karina Moura<br />Fábio Lima e Silva<br />Georgita Cortez<br />Ana Carolina Guimarães<br />Ana Carla Montenegro<br />Bernardo Brito<br />Érico Carvalho<br />Jailton Nicanor<br />Micheline Por Deus<br />Catarina Henessey<br />Paulo Assis<br />Viviane Assunção<br />Virgínia Ribeiro<br />Walter Carvalho<br />Wellington Saraiva<br />Thaís Gelenske<br />Daniella Rego<br />Karine Santos<br />Sania Ferreira<br />Maria Tereza Vazquez<br />Antônio Fernandes Filho<br />José Anderson da Silva<br />Tarciana Carrazzoni<br />Clodoaldo Lyra<br />Rosângela Rodrigues<br />Ariadne Barros<br />Ana Carolina Thé<br />Polyanna Neves</p>						</div>
				</div>
					</div>
		</div>
				<div class="elementor-column elementor-col-25 elementor-inner-column elementor-element elementor-element-91ffadd" data-id="91ffadd" data-element_type="column">
			<div class="elementor-widget-wrap elementor-element-populated">
								<div class="elementor-element elementor-element-4302c6f elementor-widget elementor-widget-text-editor" data-id="4302c6f" data-element_type="widget" data-widget_type="text-editor.default">
				<div class="elementor-widget-container">
							<div class="kc-elm kc-css-531552 small-12 columns small-12"><div class="kc-col-container"><div class="kc-elm kc-css-834278 kc_text_block"><p>Clélia Miranda<br />Cynthia Waechter<br />Caio Rocha<br />José Karlos Lima Jr.<br />Manuela Ferreira<br />Virgínia Canuto<br />Tatiana Pinto<br />Aurea Lima<br />Clineu Alencar<br />Cynthia Salgado<br />Cátia Eufrasino<br />Lilian Cordeiro<br />Patrícia Dreyer<br />Ana Karina Maia<br />Raissa Inojosa<br />Alan Teles<br />Daniela Castro<br />Renata Lima<br />Erik Trovão Diniz<br />Rivaldo Carvalho<br />Juliana Canuto<br />Isabel Oliveira<br />Mário Coutinho<br />Maira Viegas<br />Luena Dias<br />Renata Simões<br />Thyciara Fontenelle<br />Lunara Saldanha<br />Ana Karina Miranda<br />Ana Paula Neves<br />Fernando Gondim<br />Karina Santos<br />Lara Voss<br />Patricia Belfort<br />Stela Carvalho<br />Amanda Aleixo<br />Daniele Fontan<br />Denise Dantas<br />Leyna Leite<br />Marcos Almeida<br />Nara Crispin<br />Narriane Chaves<br />Saul Oliveira<br />Taciana Borges</p></div></div></div>						</div>
				</div>
					</div>
		</div>
				<div class="elementor-column elementor-col-25 elementor-inner-column elementor-element elementor-element-b88cc8f" data-id="b88cc8f" data-element_type="column">
			<div class="elementor-widget-wrap elementor-element-populated">
								<div class="elementor-element elementor-element-2a23f59 elementor-widget elementor-widget-text-editor" data-id="2a23f59" data-element_type="widget" data-widget_type="text-editor.default">
				<div class="elementor-widget-container">
							<p>Aline Correia<br />Bruna Costi<br />Clarisse Almeida<br />Deborah Queiroz<br />Helisane Lima<br />Juliana Maia<br />Lívia Borges<br />Lourena Lima<br />Manoel Aderson<br />Maria do Socorro Azevedo<br />Patrícia Mesquita<br />Paula Aragão<br />Vanessa Leão<br />Alyne Loureiro<br />Larissa Pimentel<br />Sirley Portela<br />Vanessa Machado<br />Amanda Barros<br />Marcela Correa<br />Mirna Sá<br />Rafael Rabelo<br />Breno Coimbra<br />Larissa Pontes<br />Ellyda Duarte<br />Nathalia Brito<br />Arianna Barreto<br />Kyara Ramalho<br />Keilly Granjeiro<br />Mateus Tinel<br />Alyne Lemos<br />Fernanda Victor<br />Denise Antunes<br />Viviane Araújo<br />Marcela Pitaluga<br />Bruno Caldas<br />Lilian Barbosa<br />Aline Lopes<br />Ana Maíra Nobrega<br />Morgana Duarte<br />Sérgio Andrade<br />Renata Balestra<br />Ana Carolina Cardoso<br />Natalia Rocha<br />Marcela Sarmento</p>						</div>
				</div>
					</div>
		</div>
							</div>
		</section>
					</div>
		</div>
							</div>
		</section>
							</div>

<p>ASPED Página ENDOCRINOLOGISTAS QUE TREINARAM NA UNIDADE COMO RESIDENTES E ESPECIALIZANDOS (1990-2018) Renata CamposRuy LyraAndré MunizCaroline BrandãoJosé Gilberto Hernandez SosaFernanda BarbosaJoão Carlos GastorSamuel AlencarTereza Selma LinsAndréia VasconcelosAureliano CoutoMariza BourbonAmelia SoaresKeyla CamargoMaria José CoutinhoMaria Elba BandeiraThaís SilveiraLuiz Gonzaga AzevedoMilena MoutelikRaquel LoureiroNeidemar da MataAna Elizabeth TorresKay SalesIsis PessoaAtaualpa AranhaAna Patrícia OliveiraMaria Fernanda MonteiroPaula PeregrinoDaniele HolmesSebastião Oliveira JrMaurício &hellip;</p>
<p class="read-more"> <a class="" href="https://asped.org.br/?page_id=2083"> <span class="screen-reader-text">EX PÓS-GRADUANDOS (1990-2018)</span> Leia mais &raquo;</a></p>
