{"id":2078,"date":"2021-09-09T12:43:30","date_gmt":"2021-09-09T15:43:30","guid":{"rendered":"https:\/\/asped.org.br\/?page_id=2078"},"modified":"2021-09-09T12:48:17","modified_gmt":"2021-09-09T15:48:17","slug":"ex-pos-graduandos-1990-2017","status":"publish","type":"page","link":"https:\/\/asped.org.br\/?page_id=2078","title":{"rendered":"EX P\u00d3S-GRADUANDOS (1990-2017)"},"content":{"rendered":"\t\t<div data-elementor-type=\"wp-page\" data-elementor-id=\"2078\" class=\"elementor elementor-2078\" data-elementor-post-type=\"page\">\n\t\t\t\t\t\t\t\t\t<section class=\"elementor-section elementor-top-section elementor-element elementor-element-6e21 elementor-section-boxed elementor-section-height-default elementor-section-height-default\" data-id=\"6e21\" data-element_type=\"section\" data-settings=\"{&quot;background_background&quot;:&quot;classic&quot;,&quot;_ha_eqh_enable&quot;:false}\">\n\t\t\t\t\t\t<div class=\"elementor-container elementor-column-gap-default\">\n\t\t\t\t\t<div class=\"elementor-column elementor-col-100 elementor-top-column elementor-element elementor-element-515a\" data-id=\"515a\" data-element_type=\"column\">\n\t\t\t<div class=\"elementor-widget-wrap elementor-element-populated\">\n\t\t\t\t\t\t\t\t<div class=\"elementor-element elementor-element-3f77 elementor-widget elementor-widget-bdt-breadcrumbs\" data-id=\"3f77\" data-element_type=\"widget\" data-widget_type=\"bdt-breadcrumbs.default\">\n\t\t\t\t<div class=\"elementor-widget-container\">\n\t\t\t<div class='bdt-breadcrumbs-wrapper'><ul class=\"bdt-breadcrumb breadcrumb-align-left  \"><li><a href=\"https:\/\/asped.org.br\/\">ASPED<\/a><\/li>\n<li><span>P\u00e1gina<\/span><\/li>\n<\/ul><\/div>\t\t<\/div>\n\t\t\t\t<\/div>\n\t\t\t\t\t<\/div>\n\t\t<\/div>\n\t\t\t\t\t\t\t<\/div>\n\t\t<\/section>\n\t\t\t\t<section class=\"elementor-section elementor-top-section elementor-element elementor-element-0d1fdd6 elementor-section-boxed elementor-section-height-default elementor-section-height-default\" data-id=\"0d1fdd6\" data-element_type=\"section\" data-settings=\"{&quot;_ha_eqh_enable&quot;:false}\">\n\t\t\t\t\t\t<div class=\"elementor-container elementor-column-gap-default\">\n\t\t\t\t\t<div class=\"elementor-column elementor-col-100 elementor-top-column elementor-element elementor-element-6d0c77d\" data-id=\"6d0c77d\" data-element_type=\"column\">\n\t\t\t<div class=\"elementor-widget-wrap elementor-element-populated\">\n\t\t\t\t\t\t\t\t<div class=\"elementor-element elementor-element-51dd418 elementor-widget elementor-widget-heading\" data-id=\"51dd418\" data-element_type=\"widget\" data-widget_type=\"heading.default\">\n\t\t\t\t<div class=\"elementor-widget-container\">\n\t\t\t<h2 class=\"elementor-heading-title elementor-size-default\">ENDOCRINOLOGISTAS QUE TREINARAM NA UNIDADE COMO RESIDENTES E ESPECIALIZANDOS (1990-2017)<\/h2>\t\t<\/div>\n\t\t\t\t<\/div>\n\t\t\t\t<section class=\"elementor-section elementor-inner-section elementor-element elementor-element-4769c2c elementor-section-boxed elementor-section-height-default elementor-section-height-default\" data-id=\"4769c2c\" data-element_type=\"section\" data-settings=\"{&quot;_ha_eqh_enable&quot;:false}\">\n\t\t\t\t\t\t<div class=\"elementor-container elementor-column-gap-default\">\n\t\t\t\t\t<div class=\"elementor-column elementor-col-25 elementor-inner-column elementor-element elementor-element-3e22da5\" data-id=\"3e22da5\" data-element_type=\"column\">\n\t\t\t<div class=\"elementor-widget-wrap elementor-element-populated\">\n\t\t\t\t\t\t\t\t<div class=\"elementor-element elementor-element-e7f5509 elementor-widget elementor-widget-text-editor\" data-id=\"e7f5509\" data-element_type=\"widget\" data-widget_type=\"text-editor.default\">\n\t\t\t\t<div class=\"elementor-widget-container\">\n\t\t\t\t\t\t\t<p>Alan Teles<br \/>Aline Correia<br \/>Alyne Lemos<br \/>Alyne Loureiro<br \/>Amanda Aleixo<br \/>Amanda Barros<br \/>Amelia Soares<br \/>Ana Carla Montenegro<br \/>Ana Carolina Guimar\u00e3es<br \/>Ana Carolina Th\u00e9<br \/>Ana Elizabeth Torres<br \/>Ana Karina Maia<br \/>Ana Karina Miranda<br \/>Ana Karina Moura<br \/>Ana Patr\u00edcia Oliveira<br \/>Ana Patr\u00edcia Vieira<br \/>Ana Paula Neves<br \/>Ana Paula Tavares<br \/>Andr\u00e9 Muniz<br \/>Andr\u00e9ia Vasconcelos<br \/>Angela Lannia<br \/>Ant\u00f4nio Fernandes Filho<br \/>Ariadne Barros<br \/>Arianna Barreto<br \/>Ataualpa Aranha<br \/>Augusto Costa<br \/>Aurea Lima<br \/>Aureliano Couto<br \/>Bernardo Brito<br \/>Breno Coimbra<br \/>Bruna Costi<br \/>Bruno Caldas<br \/>Caio Rocha<br \/>Caroline Brand\u00e3o<br \/>Catarina Henessey<br \/>C\u00e1tia Eufrasino<br \/>Clarisse Almeida<br \/>Cl\u00e1udia Sim\u00f5es<br \/>Cl\u00e9lia Miranda<br \/>Clineu Alencar<br \/>Clodoaldo Lyra<br \/>Cristiane Modesto<br \/>Cristiane Teodosio<\/p>\t\t\t\t\t\t<\/div>\n\t\t\t\t<\/div>\n\t\t\t\t\t<\/div>\n\t\t<\/div>\n\t\t\t\t<div class=\"elementor-column elementor-col-25 elementor-inner-column elementor-element elementor-element-1d46ba7\" data-id=\"1d46ba7\" data-element_type=\"column\">\n\t\t\t<div class=\"elementor-widget-wrap elementor-element-populated\">\n\t\t\t\t\t\t\t\t<div class=\"elementor-element elementor-element-6a7cf34 elementor-widget elementor-widget-text-editor\" data-id=\"6a7cf34\" data-element_type=\"widget\" data-widget_type=\"text-editor.default\">\n\t\t\t\t<div class=\"elementor-widget-container\">\n\t\t\t\t\t\t\t<p>Cynthia Salgado<br \/>Cynthia Waechter<br \/>Daniela Castro<br \/>Daniele Fontan<br \/>Daniele Holmes<br \/>Daniella Rego<br \/>Deborah Queiroz<br \/>Denise Antunes<br \/>Denise Dantas<br \/>Divagoras Almeida<br \/>Ellyda Duarte<br \/>Elo\u00edse Medeiros<br \/>Eponina Coutinho<br \/>\u00c9rico Carvalho<br \/>Erik Trov\u00e3o Diniz<br \/>F\u00e1bio Lima e Silva<br \/>F\u00e1bio Moura<br \/>Fernanda Amaral<br \/>Fernanda Barbosa<br \/>Fernanda Victor<br \/>Fernando Gondim<br \/>Georgeanne Neves<br \/>Georgita Cortez<br \/>Helisane Lima<br \/>Idels\u00e9 Vasconcelos<br \/>Isabel Oliveira<br \/>Isis Pessoa<br \/>Jailton Nicanor<br \/>Jane Melo<br \/>Joana Freire<br \/>Jo\u00e3o Carlos Gastor<br \/>Jo\u00e3o Gen\u00e9sio<br \/>Jos\u00e9 Anderson da Silva<br \/>Jos\u00e9 Gilberto Hernandez Sosa<br \/>Jos\u00e9 Karlos Lima Jr.<br \/>Jos\u00e9 Ricardo Sabino<br \/>Josivan Gomes de Lima<br \/>Juliana Canuto<br \/>Juliana Maia<br \/>Karina Santos<br \/>Karine Santos<br \/>Kay Sales<br \/>Keilly Granjeiro<\/p>\t\t\t\t\t\t<\/div>\n\t\t\t\t<\/div>\n\t\t\t\t\t<\/div>\n\t\t<\/div>\n\t\t\t\t<div class=\"elementor-column elementor-col-25 elementor-inner-column elementor-element elementor-element-91ffadd\" data-id=\"91ffadd\" data-element_type=\"column\">\n\t\t\t<div class=\"elementor-widget-wrap elementor-element-populated\">\n\t\t\t\t\t\t\t\t<div class=\"elementor-element elementor-element-4302c6f elementor-widget elementor-widget-text-editor\" data-id=\"4302c6f\" data-element_type=\"widget\" data-widget_type=\"text-editor.default\">\n\t\t\t\t<div class=\"elementor-widget-container\">\n\t\t\t\t\t\t\t<div class=\"kc-elm kc-css-531552 small-12 columns small-12\"><div class=\"kc-col-container\"><div class=\"kc-elm kc-css-834278 kc_text_block\"><p>Keyla Camargo<br \/>Kyara Ramalho<br \/>Lara Voss<br \/>Larissa Pimentel<br \/>Larissa Pontes<br \/>Leyna Leite<br \/>Lilian Barbosa<br \/>Lilian Cordeiro<br \/>L\u00edvia Borges<br \/>Lourena Lim<br \/>L\u00facia Helena Cordeiro<br \/>L\u00facia Helena N\u00f3brega<br \/>Luciana G\u00f3es<br \/>Luena Dias<br \/>Luiz Gonzaga Azevedo<br \/>Lunara Saldanha<br \/>Maira Viegas<br \/>Manoel Aderson<br \/>Manuela Ferreira<br \/>Marcela Correa<br \/>Marcele Pitaluga<br \/>Marcos Almeida<br \/>Maria Amazonas<br \/>Maria do Socorro Azevedo<br \/>Maria Elba Bandeira<br \/>Maria Fernanda Monteiro<br \/>Maria Jos\u00e9 Coutinho<br \/>Maria Tereza Vazquez<br \/>M\u00e1rio Coutinho<br \/>Mariza Bourbon<br \/>Mateus Tinel<br \/>Maur\u00edcio Paula Lopes<br \/>Micheline Por Deus<br \/>Milena Moutelik<br \/>Mirna S\u00e1<br \/>Nara Crispin<br \/>Narriane Chaves<br \/>Nathalia Brito<br \/>Neidemar da Mata<br \/>Patricia Belfort<br \/>Patr\u00edcia Dreyer<br \/>Patr\u00edcia Mesquita<\/p><\/div><\/div><\/div>\t\t\t\t\t\t<\/div>\n\t\t\t\t<\/div>\n\t\t\t\t\t<\/div>\n\t\t<\/div>\n\t\t\t\t<div class=\"elementor-column elementor-col-25 elementor-inner-column elementor-element elementor-element-b88cc8f\" data-id=\"b88cc8f\" data-element_type=\"column\">\n\t\t\t<div class=\"elementor-widget-wrap elementor-element-populated\">\n\t\t\t\t\t\t\t\t<div class=\"elementor-element elementor-element-2a23f59 elementor-widget elementor-widget-text-editor\" data-id=\"2a23f59\" data-element_type=\"widget\" data-widget_type=\"text-editor.default\">\n\t\t\t\t<div class=\"elementor-widget-container\">\n\t\t\t\t\t\t\t<p>Paula Arag\u00e3o<br \/>Paula Peregrino<br \/>Paulo Assis<br \/>Paulo Diniz<br \/>Pedro Gorg\u00f4nio<br \/>Polyanna Neves<br \/>Rafael Rabelo<br \/>Raissa Inojosa<br \/>Raquel Loureiro<br \/>Renata Campos<br \/>Renata Lima<br \/>Renata Sim\u00f5es<br \/>Rivaldo Carvalho<br \/>Ros\u00e2ngela Rodrigues<br \/>Rosineide Torres<br \/>Ruy Lyra<br \/>Samuel Alencar<br \/>Sania Ferreira<br \/>Saul Oliveira<br \/>Sebasti\u00e3o Oliveira Jr.<br \/>Serciane Carvalho<br \/>Sirley Portela<br \/>Stela Carvalho<br \/>Sueli Santos<br \/>Taciana Borges<br \/>Tarciana Carrazzoni<br \/>Tatiana Pinto<br \/>Tereza Selma Lins<br \/>Tha\u00eds Gelenske<br \/>Tha\u00eds Silveira<br \/>Thyciara Fontenelle<br \/>Vanessa Le\u00e3o<br \/>Vanessa Machado<br \/>V\u00e2nia Coelho<br \/>Virg\u00ednia Canuto<br \/>Virg\u00ednia Pizarro<br \/>Virg\u00ednia Ribeiro<br \/>Viviane Ara\u00fajo<br \/>Viviane Assun\u00e7\u00e3o<br \/>Walter Carvalho<br \/>Wellington Saraiva<br \/>Wilka Revoredo<\/p>\t\t\t\t\t\t<\/div>\n\t\t\t\t<\/div>\n\t\t\t\t\t<\/div>\n\t\t<\/div>\n\t\t\t\t\t\t\t<\/div>\n\t\t<\/section>\n\t\t\t\t\t<\/div>\n\t\t<\/div>\n\t\t\t\t\t\t\t<\/div>\n\t\t<\/section>\n\t\t\t\t\t\t\t<\/div>\n\t\t","protected":false},"excerpt":{"rendered":"<p>ASPED P\u00e1gina ENDOCRINOLOGISTAS QUE TREINARAM NA UNIDADE COMO RESIDENTES E ESPECIALIZANDOS (1990-2017) Alan TelesAline CorreiaAlyne LemosAlyne LoureiroAmanda AleixoAmanda BarrosAmelia SoaresAna Carla MontenegroAna Carolina Guimar\u00e3esAna Carolina Th\u00e9Ana Elizabeth TorresAna Karina MaiaAna Karina MirandaAna Karina MouraAna Patr\u00edcia OliveiraAna Patr\u00edcia VieiraAna Paula NevesAna Paula TavaresAndr\u00e9 MunizAndr\u00e9ia VasconcelosAngela LanniaAnt\u00f4nio Fernandes FilhoAriadne BarrosArianna BarretoAtaualpa AranhaAugusto CostaAurea LimaAureliano CoutoBernardo BritoBreno CoimbraBruna &hellip;<\/p>\n<p class=\"read-more\"> <a class=\"\" href=\"https:\/\/asped.org.br\/?page_id=2078\"> <span class=\"screen-reader-text\">EX P\u00d3S-GRADUANDOS (1990-2017)<\/span> Leia mais &raquo;<\/a><\/p>\n","protected":false},"author":1,"featured_media":0,"parent":0,"menu_order":0,"comment_status":"closed","ping_status":"closed","template":"","meta":{"footnotes":""},"class_list":["post-2078","page","type-page","status-publish","hentry"],"_links":{"self":[{"href":"https:\/\/asped.org.br\/index.php?rest_route=\/wp\/v2\/pages\/2078","targetHints":{"allow":["GET"]}}],"collection":[{"href":"https:\/\/asped.org.br\/index.php?rest_route=\/wp\/v2\/pages"}],"about":[{"href":"https:\/\/asped.org.br\/index.php?rest_route=\/wp\/v2\/types\/page"}],"author":[{"embeddable":true,"href":"https:\/\/asped.org.br\/index.php?rest_route=\/wp\/v2\/users\/1"}],"replies":[{"embeddable":true,"href":"https:\/\/asped.org.br\/index.php?rest_route=%2Fwp%2Fv2%2Fcomments&post=2078"}],"version-history":[{"count":4,"href":"https:\/\/asped.org.br\/index.php?rest_route=\/wp\/v2\/pages\/2078\/revisions"}],"predecessor-version":[{"id":2082,"href":"https:\/\/asped.org.br\/index.php?rest_route=\/wp\/v2\/pages\/2078\/revisions\/2082"}],"wp:attachment":[{"href":"https:\/\/asped.org.br\/index.php?rest_route=%2Fwp%2Fv2%2Fmedia&parent=2078"}],"curies":[{"name":"wp","href":"https:\/\/api.w.org\/{rel}","templated":true}]}}

EX PÓS-GRADUANDOS (1990-2017)

<div data-elementor-type="wp-page" data-elementor-id="2078" class="elementor elementor-2078" data-elementor-post-type="page">
									<section class="elementor-section elementor-top-section elementor-element elementor-element-6e21 elementor-section-boxed elementor-section-height-default elementor-section-height-default" data-id="6e21" data-element_type="section" data-settings="{&quot;background_background&quot;:&quot;classic&quot;,&quot;_ha_eqh_enable&quot;:false}">
						<div class="elementor-container elementor-column-gap-default">
					<div class="elementor-column elementor-col-100 elementor-top-column elementor-element elementor-element-515a" data-id="515a" data-element_type="column">
			<div class="elementor-widget-wrap elementor-element-populated">
								<div class="elementor-element elementor-element-3f77 elementor-widget elementor-widget-bdt-breadcrumbs" data-id="3f77" data-element_type="widget" data-widget_type="bdt-breadcrumbs.default">
				<div class="elementor-widget-container">
			<div class='bdt-breadcrumbs-wrapper'><ul class="bdt-breadcrumb breadcrumb-align-left  "><li><a href="https://asped.org.br/">ASPED</a></li>
<li><span>Página</span></li>
</ul></div>		</div>
				</div>
					</div>
		</div>
							</div>
		</section>
				<section class="elementor-section elementor-top-section elementor-element elementor-element-0d1fdd6 elementor-section-boxed elementor-section-height-default elementor-section-height-default" data-id="0d1fdd6" data-element_type="section" data-settings="{&quot;_ha_eqh_enable&quot;:false}">
						<div class="elementor-container elementor-column-gap-default">
					<div class="elementor-column elementor-col-100 elementor-top-column elementor-element elementor-element-6d0c77d" data-id="6d0c77d" data-element_type="column">
			<div class="elementor-widget-wrap elementor-element-populated">
								<div class="elementor-element elementor-element-51dd418 elementor-widget elementor-widget-heading" data-id="51dd418" data-element_type="widget" data-widget_type="heading.default">
				<div class="elementor-widget-container">
			<h2 class="elementor-heading-title elementor-size-default">ENDOCRINOLOGISTAS QUE TREINARAM NA UNIDADE COMO RESIDENTES E ESPECIALIZANDOS (1990-2017)</h2>		</div>
				</div>
				<section class="elementor-section elementor-inner-section elementor-element elementor-element-4769c2c elementor-section-boxed elementor-section-height-default elementor-section-height-default" data-id="4769c2c" data-element_type="section" data-settings="{&quot;_ha_eqh_enable&quot;:false}">
						<div class="elementor-container elementor-column-gap-default">
					<div class="elementor-column elementor-col-25 elementor-inner-column elementor-element elementor-element-3e22da5" data-id="3e22da5" data-element_type="column">
			<div class="elementor-widget-wrap elementor-element-populated">
								<div class="elementor-element elementor-element-e7f5509 elementor-widget elementor-widget-text-editor" data-id="e7f5509" data-element_type="widget" data-widget_type="text-editor.default">
				<div class="elementor-widget-container">
							<p>Alan Teles<br />Aline Correia<br />Alyne Lemos<br />Alyne Loureiro<br />Amanda Aleixo<br />Amanda Barros<br />Amelia Soares<br />Ana Carla Montenegro<br />Ana Carolina Guimarães<br />Ana Carolina Thé<br />Ana Elizabeth Torres<br />Ana Karina Maia<br />Ana Karina Miranda<br />Ana Karina Moura<br />Ana Patrícia Oliveira<br />Ana Patrícia Vieira<br />Ana Paula Neves<br />Ana Paula Tavares<br />André Muniz<br />Andréia Vasconcelos<br />Angela Lannia<br />Antônio Fernandes Filho<br />Ariadne Barros<br />Arianna Barreto<br />Ataualpa Aranha<br />Augusto Costa<br />Aurea Lima<br />Aureliano Couto<br />Bernardo Brito<br />Breno Coimbra<br />Bruna Costi<br />Bruno Caldas<br />Caio Rocha<br />Caroline Brandão<br />Catarina Henessey<br />Cátia Eufrasino<br />Clarisse Almeida<br />Cláudia Simões<br />Clélia Miranda<br />Clineu Alencar<br />Clodoaldo Lyra<br />Cristiane Modesto<br />Cristiane Teodosio</p>						</div>
				</div>
					</div>
		</div>
				<div class="elementor-column elementor-col-25 elementor-inner-column elementor-element elementor-element-1d46ba7" data-id="1d46ba7" data-element_type="column">
			<div class="elementor-widget-wrap elementor-element-populated">
								<div class="elementor-element elementor-element-6a7cf34 elementor-widget elementor-widget-text-editor" data-id="6a7cf34" data-element_type="widget" data-widget_type="text-editor.default">
				<div class="elementor-widget-container">
							<p>Cynthia Salgado<br />Cynthia Waechter<br />Daniela Castro<br />Daniele Fontan<br />Daniele Holmes<br />Daniella Rego<br />Deborah Queiroz<br />Denise Antunes<br />Denise Dantas<br />Divagoras Almeida<br />Ellyda Duarte<br />Eloíse Medeiros<br />Eponina Coutinho<br />Érico Carvalho<br />Erik Trovão Diniz<br />Fábio Lima e Silva<br />Fábio Moura<br />Fernanda Amaral<br />Fernanda Barbosa<br />Fernanda Victor<br />Fernando Gondim<br />Georgeanne Neves<br />Georgita Cortez<br />Helisane Lima<br />Idelsé Vasconcelos<br />Isabel Oliveira<br />Isis Pessoa<br />Jailton Nicanor<br />Jane Melo<br />Joana Freire<br />João Carlos Gastor<br />João Genésio<br />José Anderson da Silva<br />José Gilberto Hernandez Sosa<br />José Karlos Lima Jr.<br />José Ricardo Sabino<br />Josivan Gomes de Lima<br />Juliana Canuto<br />Juliana Maia<br />Karina Santos<br />Karine Santos<br />Kay Sales<br />Keilly Granjeiro</p>						</div>
				</div>
					</div>
		</div>
				<div class="elementor-column elementor-col-25 elementor-inner-column elementor-element elementor-element-91ffadd" data-id="91ffadd" data-element_type="column">
			<div class="elementor-widget-wrap elementor-element-populated">
								<div class="elementor-element elementor-element-4302c6f elementor-widget elementor-widget-text-editor" data-id="4302c6f" data-element_type="widget" data-widget_type="text-editor.default">
				<div class="elementor-widget-container">
							<div class="kc-elm kc-css-531552 small-12 columns small-12"><div class="kc-col-container"><div class="kc-elm kc-css-834278 kc_text_block"><p>Keyla Camargo<br />Kyara Ramalho<br />Lara Voss<br />Larissa Pimentel<br />Larissa Pontes<br />Leyna Leite<br />Lilian Barbosa<br />Lilian Cordeiro<br />Lívia Borges<br />Lourena Lim<br />Lúcia Helena Cordeiro<br />Lúcia Helena Nóbrega<br />Luciana Góes<br />Luena Dias<br />Luiz Gonzaga Azevedo<br />Lunara Saldanha<br />Maira Viegas<br />Manoel Aderson<br />Manuela Ferreira<br />Marcela Correa<br />Marcele Pitaluga<br />Marcos Almeida<br />Maria Amazonas<br />Maria do Socorro Azevedo<br />Maria Elba Bandeira<br />Maria Fernanda Monteiro<br />Maria José Coutinho<br />Maria Tereza Vazquez<br />Mário Coutinho<br />Mariza Bourbon<br />Mateus Tinel<br />Maurício Paula Lopes<br />Micheline Por Deus<br />Milena Moutelik<br />Mirna Sá<br />Nara Crispin<br />Narriane Chaves<br />Nathalia Brito<br />Neidemar da Mata<br />Patricia Belfort<br />Patrícia Dreyer<br />Patrícia Mesquita</p></div></div></div>						</div>
				</div>
					</div>
		</div>
				<div class="elementor-column elementor-col-25 elementor-inner-column elementor-element elementor-element-b88cc8f" data-id="b88cc8f" data-element_type="column">
			<div class="elementor-widget-wrap elementor-element-populated">
								<div class="elementor-element elementor-element-2a23f59 elementor-widget elementor-widget-text-editor" data-id="2a23f59" data-element_type="widget" data-widget_type="text-editor.default">
				<div class="elementor-widget-container">
							<p>Paula Aragão<br />Paula Peregrino<br />Paulo Assis<br />Paulo Diniz<br />Pedro Gorgônio<br />Polyanna Neves<br />Rafael Rabelo<br />Raissa Inojosa<br />Raquel Loureiro<br />Renata Campos<br />Renata Lima<br />Renata Simões<br />Rivaldo Carvalho<br />Rosângela Rodrigues<br />Rosineide Torres<br />Ruy Lyra<br />Samuel Alencar<br />Sania Ferreira<br />Saul Oliveira<br />Sebastião Oliveira Jr.<br />Serciane Carvalho<br />Sirley Portela<br />Stela Carvalho<br />Sueli Santos<br />Taciana Borges<br />Tarciana Carrazzoni<br />Tatiana Pinto<br />Tereza Selma Lins<br />Thaís Gelenske<br />Thaís Silveira<br />Thyciara Fontenelle<br />Vanessa Leão<br />Vanessa Machado<br />Vânia Coelho<br />Virgínia Canuto<br />Virgínia Pizarro<br />Virgínia Ribeiro<br />Viviane Araújo<br />Viviane Assunção<br />Walter Carvalho<br />Wellington Saraiva<br />Wilka Revoredo</p>						</div>
				</div>
					</div>
		</div>
							</div>
		</section>
					</div>
		</div>
							</div>
		</section>
							</div>

<p>ASPED Página ENDOCRINOLOGISTAS QUE TREINARAM NA UNIDADE COMO RESIDENTES E ESPECIALIZANDOS (1990-2017) Alan TelesAline CorreiaAlyne LemosAlyne LoureiroAmanda AleixoAmanda BarrosAmelia SoaresAna Carla MontenegroAna Carolina GuimarãesAna Carolina ThéAna Elizabeth TorresAna Karina MaiaAna Karina MirandaAna Karina MouraAna Patrícia OliveiraAna Patrícia VieiraAna Paula NevesAna Paula TavaresAndré MunizAndréia VasconcelosAngela LanniaAntônio Fernandes FilhoAriadne BarrosArianna BarretoAtaualpa AranhaAugusto CostaAurea LimaAureliano CoutoBernardo BritoBreno CoimbraBruna &hellip;</p>
<p class="read-more"> <a class="" href="https://asped.org.br/?page_id=2078"> <span class="screen-reader-text">EX PÓS-GRADUANDOS (1990-2017)</span> Leia mais &raquo;</a></p>
